{"id":16,"date":"2021-10-13T09:31:59","date_gmt":"2021-10-13T09:31:59","guid":{"rendered":"https:\/\/luciasolana.es\/?page_id=16"},"modified":"2023-06-12T17:44:55","modified_gmt":"2023-06-12T17:44:55","slug":"presentacion","status":"publish","type":"page","link":"https:\/\/luciasolana.es\/","title":{"rendered":"Presentaci\u00f3n"},"content":{"rendered":"\r\n<div class=\"wp-block-buttons is-layout-flex wp-block-buttons-is-layout-flex\"><\/div>\r\n\r\n\r\n\r\n<figure class=\"wp-block-image size-large is-resized\"><img loading=\"lazy\" decoding=\"async\" class=\"wp-image-17\" src=\"https:\/\/luciasolana.es\/wp-content\/uploads\/2021\/10\/2009.-Lucia.-1024x768.jpg\" alt=\"\" width=\"1201\" height=\"901\" srcset=\"https:\/\/luciasolana.es\/wp-content\/uploads\/2021\/10\/2009.-Lucia.-1024x768.jpg 1024w, https:\/\/luciasolana.es\/wp-content\/uploads\/2021\/10\/2009.-Lucia.-300x225.jpg 300w, https:\/\/luciasolana.es\/wp-content\/uploads\/2021\/10\/2009.-Lucia.-768x576.jpg 768w, https:\/\/luciasolana.es\/wp-content\/uploads\/2021\/10\/2009.-Lucia.-1536x1152.jpg 1536w, https:\/\/luciasolana.es\/wp-content\/uploads\/2021\/10\/2009.-Lucia.-2048x1536.jpg 2048w, https:\/\/luciasolana.es\/wp-content\/uploads\/2021\/10\/2009.-Lucia.-1568x1176.jpg 1568w\" sizes=\"auto, (max-width: 1201px) 100vw, 1201px\" \/><\/figure>\r\n\r\n\r\n\r\n<p class=\"wp-block-paragraph\">Luc\u00eda Solana P\u00e9rez naci\u00f3 en Madrid.<\/p>\r\n\r\n\r\n\r\n<p class=\"wp-block-paragraph\">Curs\u00f3 Magisterio en la Escuela Normal \u201cSanta Mar\u00eda\u201d de Madrid, y se licenci\u00f3 en Filosof\u00eda y Letras (especialidad de Literatura Hisp\u00e1nica) en la Universidad Complutense de Madrid.<\/p>\r\n\r\n\r\n\r\n<p class=\"wp-block-paragraph\">Est\u00e1 casada con <a href=\"http:\/\/www.jgpadrino.es\">Jaime Garc\u00eda Padrino. <\/a>Tiene tres hijos: Jaime, Ram\u00f3n y Arturo. Y cinco nietos: Martina, Victoria, Malena, Jaime y Claudia.<\/p>\r\n\r\n\r\n\r\n\r\n\r\n\r\n\r\n<p class=\"wp-block-paragraph\">Mediadora entre la Literatura y el ni\u00f1o, en su trabajo diario se ha ocupado especialmente de que el cuento, la poes\u00eda y el teatro, estuvieran presentes en el aula, creando un ambiente l\u00fadico y creativo, aprovechando sus propiedades para el desarrollo tanto imaginativo e intelectual como emocional y personal del ni\u00f1o.<\/p>\r\n<p>Ha publicado, en diversas editoriales, materiales curriculares para los niveles de ense\u00f1anza primaria y para el profesorado, antolog\u00edas de literatura infantil, gu\u00edas de lectura, libros para la pr\u00e1ctica del juego dram\u00e1tico, adaptaciones de cuentos cl\u00e1sicos y relatos dedicados a lectores de distintas edades.<\/p>\r\n<p>Autora de libros de poes\u00eda y de antolog\u00edas po\u00e9ticas, sus poemas han sido seleccionados para distintas exposiciones, publicaciones y revistas, tanto en Espa\u00f1a como en Hispanoam\u00e9rica.<\/p>\r\n\r\n\r\n\r\n<p class=\"wp-block-paragraph\">Ha impartido cursos, talleres, ponencias y conferencias en jornadas, seminarios, congresos y encuentros, tanto en Espa\u00f1a como en el extranjero.<\/p>\r\n\r\n\r\n\r\n<p class=\"wp-block-paragraph\">&nbsp;<\/p>\r\n\r\n\r\n","protected":false},"excerpt":{"rendered":"<p>Luc\u00eda Solana P\u00e9rez naci\u00f3 en Madrid. Curs\u00f3 Magisterio en la Escuela Normal \u201cSanta Mar\u00eda\u201d de Madrid, y se licenci\u00f3 en Filosof\u00eda y Letras (especialidad de Literatura Hisp\u00e1nica) en la Universidad Complutense de Madrid. Est\u00e1 casada con Jaime Garc\u00eda Padrino. Tiene tres hijos: Jaime, Ram\u00f3n y Arturo. Y cinco nietos: Martina, Victoria, Malena, Jaime y Claudia. <a href=\"https:\/\/luciasolana.es\/\" class=\"more-link\">...contin\u00faa leyendo<span class=\"screen-reader-text\"> \"Presentaci\u00f3n\"<\/span><\/a><\/p>\n","protected":false},"author":1,"featured_media":0,"parent":0,"menu_order":0,"comment_status":"closed","ping_status":"closed","template":"page-templates\/full-width.php","meta":{"footnotes":""},"class_list":["post-16","page","type-page","status-publish","h-entry","hentry","h-as-page"],"_links":{"self":[{"href":"https:\/\/luciasolana.es\/index.php\/wp-json\/wp\/v2\/pages\/16","targetHints":{"allow":["GET"]}}],"collection":[{"href":"https:\/\/luciasolana.es\/index.php\/wp-json\/wp\/v2\/pages"}],"about":[{"href":"https:\/\/luciasolana.es\/index.php\/wp-json\/wp\/v2\/types\/page"}],"author":[{"embeddable":true,"href":"https:\/\/luciasolana.es\/index.php\/wp-json\/wp\/v2\/users\/1"}],"replies":[{"embeddable":true,"href":"https:\/\/luciasolana.es\/index.php\/wp-json\/wp\/v2\/comments?post=16"}],"version-history":[{"count":13,"href":"https:\/\/luciasolana.es\/index.php\/wp-json\/wp\/v2\/pages\/16\/revisions"}],"predecessor-version":[{"id":410,"href":"https:\/\/luciasolana.es\/index.php\/wp-json\/wp\/v2\/pages\/16\/revisions\/410"}],"wp:attachment":[{"href":"https:\/\/luciasolana.es\/index.php\/wp-json\/wp\/v2\/media?parent=16"}],"curies":[{"name":"wp","href":"https:\/\/api.w.org\/{rel}","templated":true}]}}

Presentación

<div class="wp-block-buttons is-layout-flex wp-block-buttons-is-layout-flex"></div>



<figure class="wp-block-image size-large is-resized"><img loading="lazy" decoding="async" class="wp-image-17" src="https://luciasolana.es/wp-content/uploads/2021/10/2009.-Lucia.-1024x768.jpg" alt="" width="1201" height="901" srcset="https://luciasolana.es/wp-content/uploads/2021/10/2009.-Lucia.-1024x768.jpg 1024w, https://luciasolana.es/wp-content/uploads/2021/10/2009.-Lucia.-300x225.jpg 300w, https://luciasolana.es/wp-content/uploads/2021/10/2009.-Lucia.-768x576.jpg 768w, https://luciasolana.es/wp-content/uploads/2021/10/2009.-Lucia.-1536x1152.jpg 1536w, https://luciasolana.es/wp-content/uploads/2021/10/2009.-Lucia.-2048x1536.jpg 2048w, https://luciasolana.es/wp-content/uploads/2021/10/2009.-Lucia.-1568x1176.jpg 1568w" sizes="auto, (max-width: 1201px) 100vw, 1201px" /></figure>



<p class="wp-block-paragraph">Lucía Solana Pérez nació en Madrid.</p>



<p class="wp-block-paragraph">Cursó Magisterio en la Escuela Normal “Santa María” de Madrid, y se licenció en Filosofía y Letras (especialidad de Literatura Hispánica) en la Universidad Complutense de Madrid.</p>



<p class="wp-block-paragraph">Está casada con <a href="http://www.jgpadrino.es">Jaime García Padrino. </a>Tiene tres hijos: Jaime, Ramón y Arturo. Y cinco nietos: Martina, Victoria, Malena, Jaime y Claudia.</p>







<p class="wp-block-paragraph">Mediadora entre la Literatura y el niño, en su trabajo diario se ha ocupado especialmente de que el cuento, la poesía y el teatro, estuvieran presentes en el aula, creando un ambiente lúdico y creativo, aprovechando sus propiedades para el desarrollo tanto imaginativo e intelectual como emocional y personal del niño.</p>
<p>Ha publicado, en diversas editoriales, materiales curriculares para los niveles de enseñanza primaria y para el profesorado, antologías de literatura infantil, guías de lectura, libros para la práctica del juego dramático, adaptaciones de cuentos clásicos y relatos dedicados a lectores de distintas edades.</p>
<p>Autora de libros de poesía y de antologías poéticas, sus poemas han sido seleccionados para distintas exposiciones, publicaciones y revistas, tanto en España como en Hispanoamérica.</p>



<p class="wp-block-paragraph">Ha impartido cursos, talleres, ponencias y conferencias en jornadas, seminarios, congresos y encuentros, tanto en España como en el extranjero.</p>



<p class="wp-block-paragraph">&nbsp;</p>

<p>Lucía Solana Pérez nació en Madrid. Cursó Magisterio en la Escuela Normal “Santa María” de Madrid, y se licenció en Filosofía y Letras (especialidad de Literatura Hispánica) en la Universidad Complutense de Madrid. Está casada con Jaime García Padrino. Tiene tres hijos: Jaime, Ramón y Arturo. Y cinco nietos: Martina, Victoria, Malena, Jaime y Claudia. <a href="https://luciasolana.es/" class="more-link">...continúa leyendo<span class="screen-reader-text"> "Presentación"</span></a></p>
